{"id":4263,"date":"2018-10-06T17:29:23","date_gmt":"2018-10-06T17:29:23","guid":{"rendered":"https:\/\/deaixa.net\/main\/?page_id=4263"},"modified":"2018-10-06T17:29:23","modified_gmt":"2018-10-06T17:29:23","slug":"politica-de-cookies","status":"publish","type":"page","link":"https:\/\/deaixa.net\/recetas\/politica-de-cookies\/","title":{"rendered":"&#8220;COOKIES&#8221;"},"content":{"rendered":"\n<p>En esta web se utilizan &#8220;cookies&#8221; conseguir que tengas una mejor experiencia de navegaci\u00f3n, puedas compartir contenido en redes sociales y para obtener estad\u00edsticas de los usuarios.<\/p>\n\n\n\n<p><strong>Puedes evitar la descarga de cookies a trav\u00e9s de la configuraci\u00f3n de tu navegador, evitando que las cookies se almacenen en su dispositivo<\/strong>.<\/p>\n\n\n\n<p>Es muy importante que leas la presente pol\u00edtica de cookies y comprendas que, si contin\u00faas navegando,&nbsp;<strong>considerar\u00e9 que aceptas su uso<\/strong>.<\/p>\n\n\n\n<h4 class=\"wp-block-heading\">\u00bfQU\u00c9 SON LAS&nbsp;<em>COOKIES<\/em>?<\/h4>\n\n\n\n<p>Una&nbsp;<em>cookie<\/em>&nbsp;es un fichero que se descarga en el navegador al acceder a esta p\u00e1gina web. Las&nbsp;<em>cookies <\/em>permiten, entre otras cosas, almacenar y recuperar informaci\u00f3n sobre los h\u00e1bitos de navegaci\u00f3n de un usuario y, dependiendo de la informaci\u00f3n que contengan y de la forma en que utilice su equipo, pueden utilizarse para reconocer al usuario.<\/p>\n\n\n\n<p>Para m\u00e1s informaci\u00f3n sobre la legislaci\u00f3n vigente, puedes consultar la&nbsp;<a href=\"http:\/\/www.agpd.es\/portalwebAGPD\/canaldocumentacion\/publicaciones\/common\/Guias\/Guia_Cookies.pdf\">Gu\u00eda de Cookies<\/a>&nbsp;de la Agencia de Protecci\u00f3n de Datos.<\/p>\n\n\n\n<h4 class=\"wp-block-heading\">\u00bfQU\u00c9 NO ES UNA COOKIE?<\/h4>\n\n\n\n<p>No es un virus ni un troyano ni un gusano ni spam ni&nbsp;<em>spyware<\/em>&nbsp;ni abre ventanas emergentes.<\/p>\n\n\n\n<h4 class=\"wp-block-heading\">DESACTIVAR&nbsp;<em>COOKIES<\/em><\/h4>\n\n\n\n<p>Para desactivar las&nbsp;<em>cookies<\/em>&nbsp;usadas en esta web puede hacer clic en el enlace&nbsp;<em>Eliminar cookies<\/em>, no obstante esta opci\u00f3n solo puede modificar la caducidad de las&nbsp;<em>cookies<\/em>&nbsp;y revocar su consentimiento, es decir, las&nbsp;<em>cookies<\/em>&nbsp;caducan y el navegador se encarga de borrar los ficheros.<\/p>\n\n\n\n<p>Lo ideal ser\u00eda que modificara la configuraci\u00f3n de las opciones del navegador que utiliza:<\/p>\n\n\n\n<ul class=\"wp-block-list\"><li>Para m\u00e1s&nbsp;<a href=\"https:\/\/support.google.com\/chrome\/answer\/95647?hl=es\">informaci\u00f3n sobre Chrome<\/a>.<\/li><li>Para m\u00e1s&nbsp;<a href=\"http:\/\/support.mozilla.org\/es\/kb\/habilitar-y-deshabilitar-cookies-que-los-sitios-we\">informaci\u00f3n sobre Firefox<\/a>.<\/li><li>Para m\u00e1s&nbsp;<a href=\"http:\/\/support.apple.com\/kb\/HT1677?viewlocale=es_ES\">informaci\u00f3n sobre Safari<\/a>.<\/li><li>Para m\u00e1s&nbsp;<a href=\"http:\/\/windows.microsoft.com\/es-es\/windows-vista\/block-or-allow-cookies\">informaci\u00f3n sobre Explorer<\/a>.<\/li><\/ul>\n\n\n\n<p><strong>La aceptaci\u00f3n de la presente pol\u00edtica de&nbsp;<em>cookies<\/em>&nbsp;implica que el usuario ha sido informado de una forma clara y completa sobre el uso de dispositivos de almacenamiento y recuperaci\u00f3n de datos (<em>cookies<\/em>).<\/strong><\/p>\n","protected":false},"excerpt":{"rendered":"<p>En esta web se utilizan &#8220;cookies&#8221; conseguir que tengas una mejor experiencia de navegaci\u00f3n, puedas compartir contenido en redes sociales y para obtener estad\u00edsticas de &hellip; <\/p>\n","protected":false},"author":1,"featured_media":0,"parent":0,"menu_order":0,"comment_status":"closed","ping_status":"closed","template":"","meta":{"_coblocks_attr":"","_coblocks_dimensions":"","_coblocks_responsive_height":"","_coblocks_accordion_ie_support":"","footnotes":""},"class_list":["post-4263","page","type-page","status-publish","hentry"],"_links":{"self":[{"href":"https:\/\/deaixa.net\/recetas\/wp-json\/wp\/v2\/pages\/4263","targetHints":{"allow":["GET"]}}],"collection":[{"href":"https:\/\/deaixa.net\/recetas\/wp-json\/wp\/v2\/pages"}],"about":[{"href":"https:\/\/deaixa.net\/recetas\/wp-json\/wp\/v2\/types\/page"}],"author":[{"embeddable":true,"href":"https:\/\/deaixa.net\/recetas\/wp-json\/wp\/v2\/users\/1"}],"replies":[{"embeddable":true,"href":"https:\/\/deaixa.net\/recetas\/wp-json\/wp\/v2\/comments?post=4263"}],"version-history":[{"count":0,"href":"https:\/\/deaixa.net\/recetas\/wp-json\/wp\/v2\/pages\/4263\/revisions"}],"wp:attachment":[{"href":"https:\/\/deaixa.net\/recetas\/wp-json\/wp\/v2\/media?parent=4263"}],"curies":[{"name":"wp","href":"https:\/\/api.w.org\/{rel}","templated":true}]}}